s of 99860.
2, 5, 4993
List the prime factors of 191719.
11, 29, 601
What are the prime factors of 2228820?
2, 3, 5, 11, 307
What are the prime factors of 3243340?
2, 5, 257, 631
What are the prime factors of 515563?
515563
List the prime factors of 2939492.
2, 23, 89, 359
What are the prime factors of 422154?
2, 3, 47, 499
What are the prime factors of 2076422?
2, 1038211
What are the prime factors of 85692?
2, 3, 37, 193
List the prime factors of 579241.
13, 17, 2621
List the prime factors of 35420.
2, 5, 7, 11, 23
List the prime factors of 4112290.
2, 5, 7, 13, 4519
What are the prime factors of 3806684?
2, 7, 23, 257
List the prime factors of 24632.
2, 3079
List the prime factors of 464486.
2, 11, 43, 491
What are the prime factors of 2160231?
3, 563, 1279
List the prime factors of 333021.
3, 13, 8539
List the prime factors of 4607992.
2, 67, 8597
What are the prime factors of 23443115?
5, 977, 4799
List the prime factors of 6096779.
13, 468983
List the prime factors of 15217367.
11, 101, 13697
List the prime factors of 8440781.
491, 17191
What are the prime factors of 424022?
2, 41, 5171
List the prime factors of 5278313.
17, 310489
What are the prime factors of 74497?
23, 41, 79
What are the prime factors of 217291?
197, 1103
What are the prime factors of 1214941?
7, 13, 79
What are the prime factors of 20942090?
2, 5, 13, 161093
List the prime factors of 1388378.
2, 694189
List the prime factors of 8735472.
2, 3, 73, 277
What are the prime factors of 241930?
2, 5, 13, 1861
List the prime factors of 189286.
2, 31, 43, 71
List the prime factors of 3950736.
2, 3, 82307
List the prime factors of 206718.
2, 3, 131, 263
What are the prime factors of 2950094?
2, 7, 30103
What are the prime factors of 417905?
5, 19, 53, 83
List the prime factors of 3284160.
2, 3, 5, 11, 311
What are the prime factors of 1208105?
5, 17, 61, 233
List the prime factors of 756312.
2, 3, 31513
List the prime factors of 370670.
2, 5, 101, 367
List the prime factors of 2423143.
659, 3677
What are the prime factors of 31696913?
29, 1092997
What are the prime factors of 2649369?
3, 149, 5927
What are the prime factors of 415393?
11, 3433
What are the prime factors of 867596?
2, 216899
What are the prime factors of 17084586?
2, 3, 2847431
List the prime factors of 7959590.
2, 5, 313, 2543
What are the prime factors of 13279427?
7, 47, 181, 223
List the prime factors of 16938486.
2, 3, 941027
List the prime factors of 40738.
2, 20369
What are the prime factors of 379621?
11, 34511
What are the prime factors of 14515188?
2, 3, 89, 13591
What are the prime factors of 735610?
2, 5, 73561
What are the prime factors of 323708?
2, 7, 11, 1051
What are the prime factors of 505404?
2, 3, 101, 139
What are the prime factors of 1429118?
2, 443, 1613
List the prime factors of 651944.
2, 227, 359
What are the prime factors of 202637?
202637
What are the prime factors of 97465?
5, 101, 193
What are the prime factors of 208374?
2, 3, 34729
What are the prime factors of 21154088?
2, 2644261
List the prime factors of 498636.
2, 3, 19
List the prime factors of 1485908.
2, 43, 53, 163
What are the prime factors of 5074218?
2, 3, 93967
List the prime factors of 134599.
281, 479
What are the prime factors of 2476517?
19, 130343
What are the prime factors of 12547979?
397, 31607
List the prime factors of 38140.
2, 5, 1907
List the prime factors of 987989.
17, 89, 653
What are the prime factors of 191463?
3, 19, 3359
What are the prime factors of 332276?
2, 7, 11867
What are the prime factors of 2872256?
2, 44879
What are the prime factors of 594198?
2, 3, 11, 3001
List the prime factors of 430128.
2, 3, 29, 103
What are the prime factors of 8186087?
7, 13, 71, 181
List the prime factors of 702078.
2, 3, 13, 9001
What are the prime factors of 6164379?
3, 13, 19, 47, 59
What are the prime factors of 468839?
7, 66977
What are the prime factors of 3910327?
613, 6379
What are the prime factors of 161115?
3, 5, 23, 467
List the prime factors of 1506332.
2, 376583
What are the prime factors of 105847?
7, 15121
List the prime factors of 720495.
3, 5, 593
List the prime factors of 439188.
2, 3, 36599
List the prime factors of 3083175.
3, 5, 71, 193
What are the prime factors of 1074437?
7, 13, 11807
What are the prime factors of 7352815?
5, 317, 4639
What are the prime factors of 812123?
13, 179, 349
What are the prime factors of 35708830?
2, 5, 1571, 2273
List the prime factors of 36030629.
257, 140197
List the prime factors of 115999.
13, 8923
List the prime factors of 58274.
2, 29137
What are the prime factors of 289934?
2, 144967
List the prime factors of 358483.
358483
What are the prime factors of 352814?
2, 7, 11, 29, 79
What are the prime factors of 200780?
2, 5, 10039
List the prime factors of 629597.
547, 1151
List the prime factors of 17990736.
2, 3, 374807
List the prime factors of 69183.
3, 7687
List the prime factors of 10053996.
2, 3, 837833
List the prime factors of 22093181.
11, 19, 37, 2857
List the prime factors of 17354668.
2, 31, 173, 809
List the prime factors of 4771939.
4771939
What are the prime factors of 819396?
2, 3, 281
List the prime factors of 545701.
13, 3229
What are the prime factors of 177389?
179, 991
What are the prime factors of 7824410?
2, 5, 11, 83, 857
List the prime factors of 3850149.
3, 1283383
What are the prime factors of 6102446?
2, 7, 435889
List the prime factors of 1427973.
3, 475991
What are the prime factors of 77004?
2, 3, 23, 31
List the prime factors of 214268.
2, 17, 23, 137
What are the prime factors of 440954?
2, 47, 4691
List the prime factors of 2155712.
2, 13, 2591
List the prime factors of 64229.
11, 5839
List the prime factors of 23009039.
23, 1000393
List the prime factors of 2246353.
31, 233, 311
What are the prime factors of 5813001?
3, 645889
What are the prime factors of 283130?
2, 5, 23, 1231
What are the prime factors of 9117950?
2, 5, 17, 631
What are the prime factors of 6699224?
2, 7, 17, 31, 227
What are the prime factors of 6386606?
2, 53, 60251
What are the prime factors of 1109292?
2, 3, 97, 953
List the prime factors of 8731870.
2, 5, 7, 79, 1579
What are the prime factors of 382374?
2, 3, 73, 97
List the prime factors of 1210551.
3, 139, 2903
List the prime factors of 113704.
2, 61, 233
List the prime factors of 600827.
600827
List the prime factors of 10945924.
2, 11, 47, 67, 79
List the prime factors of 229687.
17, 59, 229
List the prime factors of 1344984.
2, 3, 56041
List the prime factors of 139366.
2, 17, 4099
What are the prime factors of 298410?
2, 3, 5, 7, 29
What are the prime factors of 371408?
2, 139, 167
List the prime factors of 4356983.
4356983
List the prime factors of 52118.
2, 11, 23, 103
What are the prime factors of 140154?
2, 3, 7, 47, 71
What are the prime factors of 367739?
367739
List the prime factors of 918729.
3, 7, 4861
What are the prime factors of 131580?
2, 3, 5, 17, 43
List the prime factors of 779090.
2, 5, 13, 461
List the prime factors of 6224386.
2, 7, 29, 15331
What are the prime factors of 149345?
5, 7, 17, 251
What are the prime factors of 48273?
3, 16091
What are the prime factors of 40224?
2, 3, 419
List the prime factors of 726506.
2, 11, 33023
List the prime factors of 142182.
2, 3, 2633
List the prime factors of 902049.
3, 300683
What are the prime factors of 8904291?
3, 11, 47, 5741
What are the prime factors of 8762452?
2, 2190613
What are the prime factors of 5906797?
13, 53, 8573
List the prime factors of 41540.
2, 5, 31, 67
What are the prime factors of 1959?
3, 653
What are the prime factors of 5005696?
2, 39107
List the prime factors of 15637.
19, 823
What are the prime factors of 1093743?
3, 7, 643
What are the prime factors of 26517838?
2, 13258919
List the prime factors of 2693074.
2, 1346537
What are the prime factors of 15167502?
2, 3, 7, 17, 73, 97
What are the prime factors of 388571?
29, 13399
What are the prime factors of 650929?
199, 3271
What are the prime factors of 657725?
5, 26309
List the prime factors of 23694986.
2, 7, 1692499
List the prime factors of 3032505.
3, 5, 7, 3209
List the prime factors of 158642.
2, 11, 7211
List the prime factors of 490478.
2, 431, 569
What are the prime factors of 8898662?
2, 4449331
What are the prime factors of 130226?
